?
-1
Suppose -g + 5*v + 0*v + 22 = 0, -g - 23 = 4*v. Let t be (6/3 + 0)*1. Let r(w) = -3 + 1 + 4 + w**3 + 2*w**t. Determine r(g).
-7
Let g(a) = -a**3 - 6*a**2 + 1. Let q(i) = -4*i + 0*i - i - 1 + 4*i. Let v be q(5). What is g(v)?
1
Let h(m) = -m**2 + 7*m - 2. Suppose 5*z = -a + 23, 0*a + 2*z = 2*a - 10. Give h(a).
-10
Suppose 4*h = -5*t + 6, 0 = 5*h + 3*t - 11 - 3. Let f(i) = -i**2 + 3*i - 3. Determine f(h).
-7
Suppose 34*k + 3 = 31*k. Let q(b) = -2 + 6*b + 2. Give q(k).
-6
Let d be 3/2*(-8)/(-3). Let i = d - 7. Let a(l) be the third derivative of l**6/120 + l**5/12 + l**4/12 - 2*l**3/3 - 52*l**2. Calculate a(i).
8
Let n(d) be the first derivative of 2*d**2 - 6*d - 15. Give n(7).
22
Let a(d) = d**2 - 6*d - 3. Suppose 2*i = 6*i + 24. Let u(q) = -q - 1. Let k be u(i). Determine a(k).
-8
Let g(v) = 14*v + 7. Let k(l) = -5*l - 2. Let b(d) = -3*g(d) - 8*k(d). Let f be b(-5). Let n(q) = -3 + 2*q - 2*q**2 - f*q + 4. What is n(-3)?
-8
Suppose 4 = 2*l + 2*l. Let c(n) = -6*n**3 - n**2 + 2*n - 1. Determine c(l).
-6
Let g = 20 - 23. Let q(v) be the third derivative of -v**4/6 - v**3/6 - v**2. Let t(d) = -d. Let w(l) = -2*q(l) + 6*t(l). Calculate w(g).
-4
Suppose -2*s + 5*n = 0, 8*n = -5*s + 3*n. Let i(m) = -m. Let c(t) = 4*t - 2. Let l(p) = c(p) + 5*i(p). Give l(s).
-2
Suppose -2*r + 4*r - 3*m = -2, 2*m = -4*r + 12. Let b(a) = 2*a**3 - 3*a**2 - a + 2. Calculate b(r).
4
Let r(d) = 0*d**2 - d - 8*d**3 + d**2 - 2*d**3 - 3*d**2. Let q(m) = 2*m**2 - 3*m. Let o be q(2). Suppose 4*y + 0*y = o*t, 5 = 5*y - 5*t. What is r(y)?
9
Suppose 3*z = 13 - 16. Let a(n) be the second derivative of -2*n**3/3 - n**2/2 + n. Calculate a(z).
3
Let u(r) = -r**2 - 3*r**2 - r + 3 + 6*r**2 - 4*r. Calculate u(3).
6
Let x(z) be the first derivative of z**4/4 - 4*z**3/3 + z**2/2 + z - 31. Suppose 3*s - 9 = -0. Suppose 0 = -v + 2*v - s. Determine x(v).
-5
Suppose -5*b = m - 11, -5*m + 4*b - 2*b = 26. Let q(l) = l**3 + 5*l**2 + 4*l + 1. Determine q(m).
1
Let c(u) = 4*u + u - 2*u**2 - 2*u. Let n(k) = k - 3. Let z be n(5). Give c(z).
-2
Let d = 1/2 - -1/6. Let w(u) be the second derivative of 0 - 5/2*u**2 - 2*u - 1/20*u**5 + d*u**3 - 1/3*u**4. Give w(-5).
0
Let q(r) = r**2 + 4*r - 6. Let u be (-4)/(-10)*5 - 8. Calculate q(u).
6
Suppose -3*w = -5*w. Let b(y) = y**2 + 4*y - 12. Let o be b(-6). Let d be w/(-2 + 4 - o). Let c(k) = -k**3 + k**2 - k + 4. Give c(d).
4
Let o(h) = -4*h**2 - h**3 - h - 161 + 161. Determine o(-4).
4
Let a(z) be the third derivative of z**6/120 + z**4/24 - z**3/2 + 20*z**2. Give a(0).
-3
Let z(t) = -19*t**2 + t + 20*t**2 - 2 + 1. Give z(-3).
5
Let c(s) = -2*s - 1. Suppose 0 = 3*r + 10*r - 13. What is c(r)?
-3
Let y(a) be the second derivative of -a**3/6 - a**2/2 - 4*a. Give y(-5).
4
Let b(z) = z**3 - 6*z**2 - 4*z + 4. Let u(f) = -12*f - 42. Let o be u(-4). Give b(o).
-20
Let n(h) = 12*h + 34. Let z(a) = a + 3. Let u(w) = w**2 - 14*w + 30. Let s be u(12). Let p = 93 - 161. Let f(r) = p*z(r) + s*n(r). Calculate f(-1).
-4
Let u(y) be the third derivative of -y**5/60 + y**4/12 + 5*y**3/6 - y**2. Suppose -2*n = 3*a - 14, -7 - 1 = -a - 4*n. Determine u(a).
-3
Let o(c) = c**2 + 5 - 7*c**2 + 11 - 15. Let p be (-4)/6*3 + 3. Give o(p).
-5
Let v(k) = 2*k**2 + 2. Suppose -r = -4 - 0. Let o(d) = -d**2 + 3*d + 2. Let z be o(r). Determine v(z).
10
Let o(g) = 2*g**3 - 4*g**2 + 2*g + 2. Let v = 18 - 14. Let w = -2 + v. Calculate o(w).
6
Let f(v) = -v**2 - 3*v + 3. Let a = 6 + -2. Suppose -b - o - 8 = -4*b, -b = -o - a. What is f(b)?
-7
Let z(k) = -9*k**3 + 8*k**2 - 16*k - 3. Let h(p) = 5*p**3 - 4*p**2 + 8*p + 1. Let f(n) = 11*h(n) + 6*z(n). Let l = 3 - 8. Give f(l).
8
Let p(g) = -g**3 - 2*g**2 + 2*g - 3. Let o(m) = -m**3 + 13*m**2 - 22*m - 3. Let s be o(11). Give p(s).
0
Let b be (-1)/(4/16*-2). Suppose 3*f + z - b = 5, -4*f - 3*z = -16. Let r(q) = 12*q - 1. What is r(f)?
11
Let w(g) = -g**2 - 7*g - 4. Let q(j) = -j**2 - 6*j - 6. Let u be q(-6). What is w(u)?
2
Suppose -2*o = -18 + 12. Let c(l) = -l**3 + 2*l**2 - l + 2. Give c(o).
-10
Let j(q) be the first derivative of 0*q**4 + 1/360*q**6 - 2 - 2/3*q**3 + 0*q - 1/120*q**5 + 0*q**2. Let u(c) be the third derivative of j(c). Calculate u(1).
0
Let p(b) be the third derivative of b**6/120 - 11*b**5/60 + b**4/24 - 13*b**3/6 - 5*b**2 + 3*b. Calculate p(11).
-2
Suppose -4*q + q = -9, -4*p + 54 = 2*q. Let s be 4/p + (-7)/3. Let h(f) = 5*f + 3. Determine h(s).
-7
Let i(w) = 2*w. Let c = 2 - 0. Let s be ((-6)/(-4))/(6/(-8)). Let r be ((-4)/(-2)*c)/s. Give i(r).
-4
Let w(r) be the second derivative of -r**8/6720 - r**7/630 + r**6/120 + r**5/40 + 5*r**4/12 - 2*r. Let q(z) be the third derivative of w(z). Determine q(-5).
-2
Let z(d) = 2*d**2 + d. Let k = -2 - -10. Let l be 2/4*(-2 + k). Suppose 3*o + 10 = -2*o - l*h, -5*o + 30 = -5*h. What is z(o)?
3
Let u = -2 - -2. Let v(i) = 7*i**3 - 7*i**2 - 3. Suppose 2*x - 12 = -0*x. Let g(o) = o**3 - o**2 - 1. Let d(k) = x*g(k) - v(k). Determine d(u).
-3
Let j(w) be the third derivative of -w**4/4 - 2*w**2. Calculate j(2).
-12
Let v(u) = 4*u + 1. Let b be v(1). Let g(t) = 4*t**2 - 9*t. Let h(r) = 3*r**2 - 8*r + 1. Let q(s) = b*h(s) - 4*g(s). Determine q(-5).
0
Let t(h) be the first derivative of h**3/3 + 5*h**2/2 + 2*h - 1. Calculate t(-2).
-4
Let u(d) = -d**2 + 6*d - 2. Suppose 3*l = -l - 3*g + 17, -3*l - 5*g = -10. Suppose -5*t - 27 + 7 = -5*f, -f + l*t + 4 = 0. What is u(f)?
6
Let q(g) = g**2 - 3*g - 1. Let l(w) = w + 1. Let p(v) = 2*l(v) + q(v). Calculate p(0).
1
Suppose -k = 25 - 26. Let t(h) = 6*h**3 - h**2 - h - 3. Let j(x) = 7*x**3 - x**2 - x - 2. Let s(b) = -4*j(b) + 3*t(b). Determine s(k).
-9
Let j(o) = -o. Let u be 2/9 - (-129)/27. Let y(f) = f**2 - 7*f + 7. Let z be y(u). Determine j(z).
3
Suppose 0 = -2*g + 1 + 5. Let y(a) = -4*a**g - a**2 + a**2 + 1 - 2*a + 0*a**3. Calculate y(1).
-5
Suppose -4*y = -9 - 7. Let q(o) = 6*o - 14. Let r(l) = -6*l + 15 + 2*l - 3*l. Let b(w) = 6*q(w) + 5*r(w). What is b(y)?
-5
Let w(x) = -21*x + 2 + 6*x + 16*x. What is w(-3)?
-1
Let t(q) = -q**2 + 1 - 4*q + q + 5*q. Let v = 7 - 5. Calculate t(v).
1
Let q(r) = r**2 + 3*r - 2. Let g be q(-4). Let a(o) = 4*o**2 + o + 2. What is a(g)?
20
Let g(l) be the third derivative of l**4/24 + 5*l**3/6 - 35*l**2. Give g(7).
12
Let k(r) = -r**2. Suppose -d + 5*d = 8. Suppose 0*c + 4 = d*c. Determine k(c).
-4
Suppose 3*a = 3*b + 33, -2*a = 3*b - b + 6. Let x(v) = 3*v**2 - 15*v - 14. Let m(g) = 2*g**2 - 10*g - 9. Let r(q) = b*m(q) + 5*x(q). What is r(5)?
-7
Let f(v) = v**2 - 1. Let i be f(2). Suppose 0*z = 5*l - 3*z + i, 5*z - 5 = -l. Let t(m) = m**2 - m + 10. Give t(l).
10
Let n(q) = -q - 2. Let h be n(-1). Let w(j) = -j**3 + j**2 - 1. Let b(r) = -6*r**3 + 6*r**2 + 2*r - 4. Let f(s) = -b(s) + 5*w(s). Determine f(h).
-1
Let y(p) be the first derivative of -p**2 - 9*p + 5. Determine y(-7).
5
Suppose -2*g + 6 = -g. Let k(o) = -o + 8. Determine k(g).
2
Let c(o) = o. Let x(a) be the second derivative of a + 0 + 0*a**2 - 1/3*a**3. Let q be x(3). Determine c(q).
-6
Let b be -1*(3 - 5) - 8. Let o(v) = 3*v**2 - 9*v + 7. Let j(i) = 8*i**2 - 26*i + 20. Let a(l) = -4*j(l) + 11*o(l). Determine a(b).
3
Let a(y) be the first derivative of -3*y**4/2 + y**3/3 - 21. Suppose -3*p + 3*o + 4 = -5, -p = o + 3. Let m = -1 - p. What is a(m)?
7
Let o(s) = -2*s - s - 5*s + 7*s**2 - 37*s**3 + 36*s**3. What is o(6)?
-12
Let k(c) be the second derivative of c**7/2520 + 7*c**6/720 + 7*c**5/120 - c**4/3 + 3*c. Let s(p) be the third derivative of k(p). Calculate s(-5).
-3
Let w(n) = 7 - 9 + 4 - n. Let l be w(6). Let c(y) = y**3 + 3*y**2 - 4*y - 3. What is c(l)?
-3
Let r(c) = c + 3. Let g(k) = 8*k + 6. Let l be g(-2). Let t = 2 - 3. Let d be t/(1*(-2)/l). Calculate r(d).
-2
Let g(v) be the third derivative of 1/6*v**3 + 0*v - 2*v**2 + 1/24*v**4 - 7/30*v**5 + 0. Calculate g(-1).
-14
Let g(m) = -2*m + 1. Let v be (-5 - (-5 + 3 + -1)) + 5. Calculate g(v).
-5
Let z = -3 - -3. Suppose 14 = 2*s - 2*w, 4*s + 3*w = 2*s - 1. Let d(o) = -1 + 4 - 5 + s - o. Calculate d(z).
2
Suppose -4*z = 5*u, -2*u - 1 = -5*z - 34. Let h(d) be the second derivative of d**5/20 - d**4/3 - d**3/6 + d. Determine h(u).
-4
Suppose 0 = -3*o - 3 + 18. Let d(f) = f**3 - 6*f**2 + 5*f + 3. Determine d(o).
3
Let o(z) = -7*z**3 + 19*z**2 - 9*z + 5. Let l(v) = 4*v**3 - 10*v**2 + 4*v - 3. Let m(r) = 